se 8) to base 15
6e91
351 (base 6) to base 3
12011
-130331 (base 4) to base 14
-965
What is 131b3 (base 13) in base 7?
205255
Convert -2152 (base 7) to base 4.
-30010
Convert -370 (base 9) to base 5.
-2211
Convert 4cb2 (base 13) to base 2.
10101011010001
Convert -8e2d (base 15) to base 9.
-45367
Convert 1e1 (base 16) to base 5.
3411
-566 (base 16) to base 2
-10101100110
What is 110000 (base 3) in base 15?
169
Convert 54a2 (base 13) to base 16.
2e11
What is -3ed7 (base 16) in base 2?
-11111011010111
Convert e2 (base 16) to base 11.
196
2220304 (base 5) to base 13
1489b
15241 (base 9) to base 2
10100010100101
What is 3063 (base 14) in base 13?
3a2c
What is -546 (base 8) in base 16?
-166
What is 335 (base 9) in base 3?
101012
11122 (base 6) to base 11
11a0
What is 33202 (base 7) in base 12?
49a4
Convert 12231 (base 4) to base 9.
526
Convert -63556 (base 7) to base 3.
-210120021
-140aa (base 13) to base 3
-1220102111
Convert 346 (base 9) to base 14.
165
Convert -c3 (base 15) to base 11.
-157
-1112332 (base 4) to base 3
-21122011
What is 6a4 (base 11) in base 15?
3b0
Convert 2b7b8 (base 12) to base 3.
10010112112
1663 (base 13) to base 10
3292
Convert -12032120 (base 4) to base 6.
-314012
Convert -102123 (base 4) to base 13.
-6c9
Convert -1044531 (base 6) to base 3.
-2200120101
Convert 1298 (base 13) to base 7.
10520
Convert 4357 (base 15) to base 6.
150001
What is 38012 (base 9) in base 2?
110001110110110
Convert -20444 (base 6) to base 15.
-c44
What is 515 (base 12) in base 9?
1008
Convert 5256 (base 7) to base 14.
966
Convert -66c (base 13) to base 4.
-101100
3517 (base 8) to base 5
24441
-5515 (base 6) to base 8
-2367
35101 (base 7) to base 14
33a8
2151 (base 7) to base 15
366
What is -10112221 (base 3) in base 2?
-101000011110
4400202 (base 5) to base 7
431545
What is -221200 (base 6) in base 3?
-221021200
Convert 11111203 (base 4) to base 14.
7d75
Convert -2d3 (base 14) to base 7.
-1453
What is -435252 (base 6) in base 2?
-1000110101010000
-26713 (base 9) to base 10
-18075
a260 (base 13) to base 4
11131302
Convert 22812 (base 10) to base 12.
11250
Convert 6a8 (base 11) to base 4.
31030
1767 (base 11) to base 4
203023
What is -100011000 (base 2) in base 10?
-280
-1170 (base 11) to base 6
-11025
What is 21000101 (base 3) in base 14?
1c13
Convert -11648 (base 9) to base 16.
-1e8c
-1973 (base 13) to base 8
-7344
-243444 (base 5) to base 12
-5429
Convert 881 (base 15) to base 4.
132001
Convert 14503 (base 6) to base 13.
10b3
What is -1103033 (base 4) in base 5?
-132302
4084 (base 11) to base 3
21102121
What is 2839 (base 12) in base 3?
20101100
What is -5bb (base 15) in base 8?
-2425
-147b2 (base 12) to base 3
-1110111022
-5c0a (base 16) to base 9
-35280
175a (base 11) to base 2
100011000011
What is 1654 (base 13) in base 3?
11111111
Convert 1011211 (base 3) to base 10.
859
22100 (base 3) to base 9
270
Convert -5506 (base 10) to base 8.
-12602
Convert -4352 (base 8) to base 9.
-3115
Convert 811 (base 16) to base 13.
c2b
What is -321002 (base 4) in base 16?
-e42
Convert -60654 (base 7) to base 4.
-3212103
What is -17b01 (base 12) in base 11?
-23949
Convert 21040 (base 6) to base 12.
1780
400 (base 13) to base 4
22210
What is 1341 (base 9) in base 3?
1101101
Convert 1312 (base 10) to base 12.
914
What is 1587 (base 14) in base 11?
2984
Convert -11111011011 (base 2) to base 13.
-bb9
Convert -112232 (base 4) to base 7.
-4145
What is -120002 (base 6) in base 16?
-2882
Convert -15774 (base 8) to base 16.
-1bfc
Convert bd4 (base 15) to base 10.
2674
Convert 43b3 (base 14) to base 3.
121002010
-252 (base 6) to base 13
-80
-2e8 (base 16) to base 4
-23220
Convert -221001 (base 3) to base 11.
-565
What is -5740 (base 13) in base 15?
-394a
Convert 131 (base 4) to base 16.
1d
What is 18a (base 16) in base 10?
394
What is 2241 (base 11) in base 10?
2949
What is -1111241 (base 5) in base 10?
-19571
-5f25 (base 16) to base 13
-b118
What is 4e9 (base 16) in base 12?
889
What is b105 (base 13) in base 6?
304405
What is -112000 (base 3) in base 9?
-460
446a (base 11) to base 14
2204
What is 429 (base 11) in base 6?
2215
Convert 3481 (base 11) to base 7.
16212
What is 3443 (base 10) in base 3?
11201112
Convert -df (base 16) to base 5.
-1343
What is -318 (base 10) in base 5?
-2233
528 (base 10) to base 11
440
Convert 344101 (base 5) to base 8.
30161
-2159c (base 13) to base 16
-eb85
What is -2005 (base 8) in base 16?
-405
113243 (base 5) to base 14
175c
Convert -1110110 (base 5) to base 9.
-28551
-ac68 (base 13) to base 11
-17105
Convert -110011 (base 4) to base 12.
-8b1
What is -202 (base 6) in base 8?
-112
What is 856 (base 11) in base 5?
13104
What is 1201122 (base 3) in base 14?
65d
What is -12011 (base 5) in base 15?
-3db
What is -205102 (base 6) in base 3?
-211212102
Convert -4123 (base 6) to base 7.
-2445
-13130 (base 4) to base 5
-3401
Convert -2214 (base 9) to base 4.
-121201
What is -32650 (base 13) in base 5?
-10404111
24378 (base 11) to base 6
430142
Convert -604 (base 13) to base 9.
-1351
What is -631 (base 7) in base 3?
-102201
What is -11101101001 (base 2) in base 3?
-2121021
What is 12100130 (base 4) in base 10?
25628
Convert f91 (base 16) to base 3.
12110121
2012221112 (base 3) to base 14
11cd6
2233000 (base 5) to base 13
15129
-784 (base 9) to base 16
-283
What is -2778 (base 10) in base 6?
-20510
-634 (base 9) to base 5
-4032
What is -30191 (base 10) in base 6?
-351435
What is -5044 (base 6) in base 7?
-3142
What is 618 (base 12) in base 13?
530
What is 2203 (base 4) in base 11?
139
What is -442 (base 11) in base 7?
-1355
Convert 8 (base 11) to base 8.
10
-20b49 (base 12) to base 3
-2012010210
What is -7503 (base 8) in base 9?
-5321
-1784 (base 11) to base 15
-a15
16b3 (base 13) to base 2
110100011101
Convert 127 (base 10) to base 14.
91
What is -340 (base 15) in base 9?
-1006
What is -17ba5 (base 12) in base 5?
-2101131
What is -1607 (base 12) in base 3?
-10120021
What is 1030 (base 4) in base 11?
6a
11010010101 (base 2) to base 7
4625
221211 (base 3) to base 6
3121
Convert 21c3 (base 16) to base 3.
102212010
Convert 4000 (base 5) to base 3.
200112
What is 100010100110001 (base 2) in base 3?
220022001
Convert 4c0a (base 13) to base 8.
25112
Convert 2324 (base 5) to base 6.
1323
Convert -14529 (base 12) to base 11.
-1a37a
What is 112021 (base 3) in base 12?
281
14565 (base 12) to base 5
1402240
What is 1123 (base 11) in base 5?
21402
141 (base 15) to base 3
101121
What is 112122011 (base 3) in base 14?
3c61
Convert 72 (base 13) to base 7.
162
Convert -9c13 (base 13) to base 16.
-5539
61932 (base 11) to base 5
10342201
Convert -37047 (base 8) to base 4.
-3320213
Convert 32143 (base 5) to base 12.
1311
What is 10001000011 (base 2) in base 15?
4cb
Convert -3202 (base 7) to base 12.
-7a1
-210011112 (base 3) to base 14
-58a3
Convert 4a30 (base 15) to base 2.
11110110110011
What is -355 (base 8) in base 13?
-153
310 (base 13) to base 10
520
Convert 1157 (base 8) to base 14.
327
-754 (base 15) to base 16
-676
What is -1260 (base 7) in base 10?
-483
What is 1452 (base 6) in base 15?
1b2
What is -1938 (base 11) in base 3?
-10101011
What is 110 (base 4) in base 16?
14
Convert -a241 (base 12) to base 14.
-65c5
Convert b4 (base 12) to base 8.
210
Convert 11210101 (base 3) to base 9.
4711
What is -15 (base 16) in base 10?
-21
Convert 32450 (base 7) to base 4.
1332320
-202011 (base 3) to base 14
-2ac
What is 1321311 (base 4) in base 5?
222142
What is 29 (base 15) in base 5?
124
What is -1110303 (base 4) in base 11?
-4094
Convert 1098 (base 13) to base 3.
10012000
What is -10012012 (base 3) in base 4?
-210113
Convert 1032210 (base 4) to base 10.
5028
What is -60155 (base 7) in base 11?
-a988
What is -2701 (base 8) in base 13?
-894
What is 25d (base 14) in base 2?
111011011
Convert -412 (base 16) to base 12.
-72a
Convert 123234 (base 8) to base 11.
2a055
What is -100111100 (base 2) in base 4?
-10330
What is 436 (base 9) in base 7?
1020
Convert 164 (base 11) to base 9.
232
What is 3623 (base 9) in base 12?
1686
-11302 (base 5) to base 9
-1118
Convert 143 (base 16) to base 5.
2243
What is -21315 (base 9) in base 11?
-a666
What is -11010111000 (base 2) in base 9?
-2321
68732 (base 9) to base 14
12990
Convert -cb22 (base 15) to base 8.
-123777
What is 2729 (base 1